 of d(t)?
1
Suppose -w + 35 = 4*h, 4*h = -13 + 9. Suppose 0 = -w*n + 153 + 2655. What is the units digit of n?
2
Suppose 0 = -4622*d + 4590*d + 128. Let s be (-2)/(-9) + 979/9. Suppose 5*b - s = d*b. What is the units digit of b?
9
Let l be 4/(-10) + (-3)/((-30)/184). What is the hundreds digit of (1 + 1)*4869/l?
5
Suppose 0 = 70*s - 82*s + 81120. What is the thousands digit of s?
6
Let s(l) = l**2 - 7*l + 32. What is the units digit of s(19)?
0
Let z = 189 - 185. Suppose 3*j = z*j - 133. What is the tens digit of j?
3
What is the hundreds digit of 1900/(-60) - -33 - 247894/(-6)?
3
Suppose -641 = -2*d - 3*j, -2*j - 287 = -d + 16. Suppose -2*x + 0*x - 3*h = -640, -2*h = -x + d. What is the hundreds digit of x?
3
Let n = -4 - -6. What is the units digit of 2 + 740/3 + n/(-3)?
8
Let d(n) = 6*n + 245. Let z be d(13). Let k = 354 - z. What is the tens digit of k?
3
Let d(l) = 2*l**2 + 5*l + 9. Let z be d(-9). Let h = 514 - z. What is the hundreds digit of h?
3
Let a(f) = 4*f**3 + 10*f**2 - f + 137. Let i(k) = 5*k**3 + 11*k**2 - k + 137. Let j(s) = -3*a(s) + 2*i(s). What is the hundreds digit of j(-11)?
5
Suppose 2*w - 2123 = -r, -5*w + 6*w - 1063 = r. Suppose -15*q + 5682 = w. What is the hundreds digit of q?
3
What is the ten thousands digit of ((-9145)/124)/59 - 239257/(-4)?
5
What is the thousands digit of 1 + -2 - 39039/(-7)?
5
Let x = 9703 + -3497. What is the units digit of x?
6
Let k = -54 - -54. Suppose 3*n = 2*d + 37, -3*d - n - 46 - 4 = k. Let u(l) = -l**3 - 17*l**2 - 6*l - 17. What is the tens digit of u(d)?
8
Let d(r) be the first derivative of r**3 + 17*r**2/2 - 14*r - 61. What is the tens digit of d(6)?
9
Let c = 3063 + -1733. Suppose -3*r + 4*h + 4899 = c, 3*h + 2378 = 2*r. What is the thousands digit of r?
1
Let k = -975 + 5631. Suppose -7*n + 3103 = 2*i - 6*n, -3*i + k = 2*n. What is the hundreds digit of i?
5
Suppose 2*j - 30 = -5*s, 0*j = -s - 3*j - 7. Suppose 10*i = s*i. Suppose -152 = -2*w - i*w. What is the units digit of w?
6
Let w = 32 - 26. Suppose -w*b + 3*b = 2*z + 788, 2*b + z = -524. What is the units digit of 10/8*b/(-13)?
5
Suppose 0 = -3*d - 3*r + 12978, 4*d - 4*r - 20351 = -3079. What is the tens digit of d?
2
Suppose 0 = 3*p + 2*q - q - 13, -p + 3 = -q. Suppose 3*c + p*t - 26 = 0, -61 = -4*c - 4*t - 21. Let o = 2 + c. What is the tens digit of o?
1
Suppose 0 = 101*o - 110*o. Suppose o = 18*x - 11574 + 522. What is the units digit of x?
4
Let r = -10028 - -30330. What is the thousands digit of r?
0
Let h(l) = -2*l**3 - 38*l**2 + 104*l - 86. What is the hundreds digit of h(-26)?
6
Suppose n - 1 = 2*n, r = 4*n + 19. Suppose 2*q - r = 3*s, 0 = -5*q - 4*s - 29 + 9. Suppose q = 4*j - 20, 0*c + c = j + 50. What is the units digit of c?
5
Suppose -9*a - 2 = -8*a. What is the tens digit of (11/a)/((-11)/110)?
5
Let z(q) = 6*q**3 + 22*q**2 - 43*q + 989. What is the units digit of z(15)?
4
Suppose 0 = 195*j - 196*j - 2, 0 = 5*p - 2*j - 17004. What is the tens digit of p?
0
What is the units digit of (24/(-10)*(-12168)/48)/((-2)/(-15))?
3
Suppose -7345 = -42*v - 23*v. What is the tens digit of v?
1
Let b(j) = -8*j**3 - 2*j**2 - 3*j + 3. Let w be b(-3). Let y(c) = -119*c**2 - 15*c + 13. Let i be y(1). Let u = i + w. What is the tens digit of u?
8
Let x = 14429 - -10693. What is the units digit of x?
2
Let o be (-2 + (-52)/(-16))*28. Let s be (-253)/(-77) - (-5)/(o/(-2)). Suppose -180 = m - s*m. What is the tens digit of m?
9
Suppose -2201 = -g + q + 11943, 5*g - q = 70732. What is the ten thousands digit of g?
1
Suppose 3*w - 4 = -j, 3*j - 4*w + 4 = 3. What is the units digit of ((-4)/(-5))/j - 3052/(-10)?
6
Suppose -2174700 = -1251*g + 1196*g. What is the tens digit of g?
4
Let a be (-3)/(-1) - 180/20. Let x(w) = 3*w**2 + 2*w - 4. What is the tens digit of x(a)?
9
Let j = -20850 - -29532. What is the thousands digit of j?
8
Let y = 439 - -1145. Suppose -2*f = -13*f - y. Let m = 201 + f. What is the tens digit of m?
5
Let h(u) = -2*u + 13. Let r be -5 + 2/2 + 10. Let l be h(r). Suppose j - 99 + l = -b, j - 3*b = 90. What is the units digit of j?
6
Let m(t) = t**2 - 4*t - 8. Let i be m(4). Let k be (-11 - i) + 24 + 1. Let z = k + 5. What is the tens digit of z?
2
Let w(p) = -111*p + 166. Let i be w(-15). Suppose -2*m + 2613 = 3*o, -4*o + m = -1653 - i. What is the units digit of o?
1
Suppose -7453 - 5402 = -5*y. Suppose 2*r - 3144 = -5*p + 3211, 2*p = 5*r + y. What is the hundreds digit of p?
2
Suppose 7*q + 33*q + 3*q = 236715. What is the thousands digit of q?
5
Let j = -1088 - -1762. Let o = j - 401. What is the hundreds digit of o?
2
Suppose 0 = -7*m + 14*m - 532. Let n = m - -31. Suppose 6*s - 665 = -n. What is the tens digit of s?
9
Let k(y) = -y**2 + y - 33. Let c be k(12). What is the units digit of (69/(-2))/(-4 + c/(-42))?
3
Suppose -7*h + 3*h - 58 = -5*m, 10 = -5*h. Suppose 5*s = 5*g - 125, 5*s - 33 = -g + m. Suppose 0 = 5*w - 27 - g. What is the tens digit of w?
1
Suppose 4*p - f = 28289, 65*f - 62*f + 7086 = p. What is the units digit of p?
1
What is the tens digit of -2*(-4 + 2) + 7/(182/494364)?
1
Suppose -2*f = -2*l + 3 - 1, 0 = -3*l - 3*f + 21. Suppose -l*z + 557 = -123. Suppose 3*c - c - z = 0. What is the tens digit of c?
8
What is the thousands digit of 13972/2 + (6 - (-8 - -6))?
6
What is the hundreds digit of (103 - -29651) + 0/2?
7
Let v = 652 - 651. Let n(l) = -380*l**2 + 19*l - 9. Let d(x) = -127*x**2 + 6*x - 3. Let h(j) = -7*d(j) + 2*n(j). What is the hundreds digit of h(v)?
1
Suppose 3*h - 662 = 8*p - 7*p, 0 = 5*p + 3*h + 3346. Let d = p - -1233. What is the units digit of d?
5
Let u = 65 + -48. Let h(k) = 14*k + 24. What is the tens digit of h(u)?
6
Suppose -22*b = 28*b - 230705 - 465945. What is the hundreds digit of b?
9
Let y be ((-36)/(-15))/((-6)/(-121440)). Suppose 14*q = -32*q + y. What is the tens digit of q?
5
Suppose 10*b - 15175 = 5*b. Let y = b - 1877. What is the hundreds digit of y?
1
Suppose -19*j + 1735204 = 249461. What is the tens digit of j?
9
Suppose -3*x + 52975 = 3*g - 58637, -185999 = -5*g - 2*x. What is the units digit of g?
7
Let k be ((-8)/(-6))/(-1 + 22/18). Let m be (-1 - 0) + (-6 + k - -3). Suppose 41 - 11 = m*f. What is the tens digit of f?
1
Suppose -2086 = -3*p - 5*d, 3*p - d + 1386 = 5*p. Suppose 2*y = p - 48. What is the units digit of y?
2
Let d be -2 + 72/33 - 2/11. Let p(w) = -w**2 - 7*w + 840. What is the units digit of p(d)?
0
Let w = -4607 - -7085. What is the units digit of w?
8
Let k = 13 + -8. Let f(o) = -o**2 - 2*o + 10. Let x be f(-4). Suppose k*q - x*v = 186, -4*v = -5*q + 61 + 121. What is the tens digit of q?
3
Suppose 142596 + 170186 = 43*z. What is the hundreds digit of z?
2
Let g(c) = -8*c - 158. Let d be g(-19). What is the tens digit of d/(-21) - 8/(112/(-21430))?
3
Let f be 14967/36 + 2 - (-6)/(-8). Suppose 4944 = f*d - 409*d. What is the hundreds digit of d?
6
Let f(y) = -14*y**3 - 7*y**2 + 78*y + 18. What is the tens digit of f(-12)?
6
What is the tens digit of (2 + -782)*((-20)/(-8) - (-8587)/(-310))?
5
Let b(p) = 6*p**2 - 7*p + 1. Suppose -h - 12 = -c, 12 = 2*h + 2*h. Suppose -9*n = -c*n - 18. What is the units digit of b(n)?
6
Let p = -14615 - -47481. What is the hundreds digit of p?
8
What is the hundreds digit of ((-12)/20 - 56/40)*(-169239)/14?
1
Let d(j) = -1510*j - 476. What is the units digit of d(-5)?
4
Suppose -47 = -5*i - c, c + 9 + 25 = 4*i. What is the units digit of (-3)/(i/(-244))*(-1764)/(-168)?
4
Let u be 4770/2862 - ((-2)/(-6))/(-1). Let t = -4 + 6. Suppose z + 0*g - 76 = -u*g, t*g = -2. What is the tens digit of z?
7
Suppose -4*o = -8, -5*q - 3*o = -4*o + 12. Let h(r) = -536*r + 14. Let f be h(q). Suppose -f = -5*n - z, -2*n + 253 = -3*z - 178. What is the tens digit of n?
1
Suppose -19*h + 2005 = 143. What is the units digit of (-10946)/(-19) - h/931?
6
Let y(p) = -2 + 8 + 25*p**3 - 10*p**2 + 7*p**2. What is the units digit of y(2)?
4
Let r(q) = -4*q**3 + 3*q**2 + 52*q - 1. Let c be r(-8). Let y = c + -727. What is the units digit of y?
6
Let o(y) = 45*y**3 + 34*y**2 - 222*y + 38. What is the ten thousands digit of o(10)?
4
Suppose 5*b - 13*b = -72. Let j(f) = 126*f - 195. What is the hundreds digit of j(b)?
9
Suppose -478*f = -477*f - 4*k - 6152, -3*f + 2*k + 18426 = 0. What is the hundreds digit of f?
1
Let j(z) = 4102